er when 2997 is divided by ((-112)/10 + -4)/(4 - (-88)/(-20)).
33
Suppose -n - 2*f = 24, -3*n = 2*n - 2*f + 180. Let p = 48 + n. Suppose -4*s - 10 = 4*q - 2, 2*s + 16 = 2*q. Calculate the remainder when p is divided by q.
2
Let a(x) = x**3 - 3*x**2 - 3*x - 7. What is the remainder when (45/(-27))/((-25)/6)*415 is divided by a(5)?
26
What is the remainder when 3/((-7)/(-2)*(-12)/28) - -1252 is divided by 34?
26
Let q(p) = 4*p**2 + 7*p - 6. Suppose 5*r = -v + 49, -184*r - 62 = -188*r + 3*v. What is the remainder when q(-7) is divided by r?
9
Let b(r) = -37*r**3 + 2*r**2 + 2*r + 1. What is the remainder when (2864/8)/(31/((-1023)/(-66))) is divided by b(-1)?
27
Let j(s) = -89*s - 34. Let x be j(-1). Suppose -516 = -58*o + x*o. What is the remainder when o is divided by 35?
32
Suppose 10624 = 16*d - 23200. Calculate the remainder when d is divided by 35.
14
Suppose 320*b - 165*b + 1870 = 166*b. Calculate the remainder when 1121 is divided by b.
101
Suppose -14*i = 62 - 160. What is the remainder when 774 is divided by i?
4
Suppose 4*l - 22 = -m, 0 = -7*l + 3*l - 4*m + 28. Suppose 0 = -4*r + 5*r + 1, 3*x = -l*r + 133. Calculate the remainder when x is divided by 6.
4
Suppose 3*x + 12 + 10 = -5*l, 2*x + 2*l = -8. Let k = 9 + x. Calculate the remainder when 66 is divided by k.
6
Let f = 968 - -2851. What is the remainder when f is divided by 78?
75
Suppose -20 + 4 = -3*j + n, 2*j - 5*n = -11. Let p(v) be the first derivative of v**3/3 + 8*v + 3. What is the remainder when p(j) is divided by 20?
17
Suppose 2*x = -1 + 19. Let u(j) = j**2 + 3. Let d be u(5). Suppose 6*v - d + 4 = 0. Calculate the remainder when x is divided by v.
1
Let u be (-12)/(-28) - (-3345)/35. Suppose -19*c + 7*c = -u. Calculate the remainder when 9 is divided by c.
1
What is the remainder when (-17)/34*0 + (1676 - (-3 + 3)) is divided by 829?
18
Let p(t) = 22*t - 125. Let s = -194 + 202. Calculate the remainder when p(s) is divided by 32.
19
Let r(q) = -5*q**2 + 49*q - 12. Calculate the remainder when 1918 is divided by r(8).
58
What is the remainder when 516 - ((-8)/(160/28) + 3/(-5)) is divided by 101?
13
Suppose -3*r - 4*b = -0*b - 45, 0 = 5*r - b - 52. Let h = 47 - 58. Calculate the remainder when r is divided by ((-22)/(-7))/h + 144/14.
1
Suppose 4*q = 3*k - 176, 5*k + 65*q - 67*q - 270 = 0. What is the remainder when 143 is divided by k?
39
Let x(z) = -19 - z - 2*z - 3*z. Let v be (-154)/44 + (-14)/(-4) + -5. What is the remainder when 40 is divided by x(v)?
7
Suppose 28*q - 3611 - 6364 = -105*q. What is the remainder when 232 is divided by q?
7
Suppose 0 = -30*w - 66*w + 345 + 1191. What is the remainder when 889 is divided by w?
9
Let f = -23 - -24. Let w(s) = -5*s**2 - s**3 - 5*s**2 + f + 11 - 4. What is the remainder when 20 is divided by w(-10)?
4
Let l = 21 + -12. Suppose 0 = 1271*m - 1272*m + 620. Let u = -616 + m. Calculate the remainder when l is divided by u.
1
Suppose 2*u - 3884 = 2*w, 3*u - 4196 = w + 1630. Calculate the remainder when u is divided by 963.
16
Let p be 5*1 + 18/(252/238). Let i be ((-80)/(-6))/((-3)/(-36)). Suppose -18*m - i = -p*m. What is the remainder when m is divided by 12?
4
Suppose -9 = -3*q, 4*f + f - 1 = 3*q. Suppose 5*k - n = 77, 0 = -k + n - f*n + 19. What is the remainder when 95 is divided by k?
15
Let w(v) = 23*v**2 + 92*v + 94. What is the remainder when w(-1) is divided by 6?
1
Let p be (-8)/(-40) + 29/5 - -2. Let f(q) = 2*q**2 + 8*q - 147. Calculate the remainder when 172 is divided by f(p).
37
Let v(r) = -6*r + 1. Let p = -948 + 1092. Suppose 3388*n - 3385*n = p. Calculate the remainder when n is divided by v(-2).
9
Suppose -4*x = -4, -666*j - 3*x + 3215 = -662*j. What is the remainder when j is divided by 138?
113
Let g be (29/(-2))/((-1)/2). Suppose 3*v - 28 - g = 0. Calculate the remainder when 50 is divided by v.
12
Let f(b) = -5 + 20*b**3 + 19*b**3 + 10*b - 41*b**3. Let c be f(4). Let j = c + 189. What is the remainder when j is divided by 9?
6
Let g(m) = -m**2 - 45*m - 453. What is the remainder when 63 is divided by g(-18)?
30
Suppose 196*w - 203*w = -14. Suppose 2*z + w*z - 4 = 0, 220 = 5*s - 5*z. Calculate the remainder when s is divided by 15.
0
Let y be -4 - -5 - (-1 + 45). Let c be (80/(-3))/(1/(-3)). Let i = c + y. Calculate the remainder when 146 is divided by i.
35
Suppose 102 = -37*f + 324. What is the remainder when 201 is divided by f?
3
Suppose 2*t - 14 = 4. Suppose -10780 = -67*l + 5903. Calculate the remainder when l is divided by t.
6
Suppose -4*g + 133*c = 131*c - 138, -5*g = -3*c - 173. What is the remainder when 1631 is divided by g?
33
Suppose -36 = 16*v - 22*v. What is the remainder when 461 is divided by v?
5
Suppose -8*j + 6*j = -12*d - 2620, d = 9. Calculate the remainder when j is divided by 450.
14
Suppose 3*x + 45*j - 41*j = 179, 4*x + 2*j = 242. Let r(s) = s**3 - 4*s**2 - 3*s + 8. Calculate the remainder when r(8) is divided by x.
57
Let h(v) = 6*v - 9. What is the remainder when h(10) is divided by (-10 - -6)*28/(-8)?
9
Let j(u) = -24*u - 6. Let i(r) = -3*r**2 + 5*r + r**3 - 20*r - 1 + 6 + 0. What is the remainder when j(-3) is divided by i(6)?
20
Let w(u) = -303*u - 5146. Let v be w(-17). Suppose 221 - 656 = -5*m. Suppose 83 = v*x - m. Calculate the remainder when 101 is divided by x.
33
Suppose -8*d + z + 401 = -3*d, -2*d + 155 = 5*z. Let s be 1/(-6) + (-438)/(-36) - -4. Calculate the remainder when d is divided by (s/(-6))/(32/(-336)).
24
Suppose -3*l = -2*z - 140, 22*z = -l + 18*z + 56. Suppose -l*n + 1683 = -189. Let y(c) = 6*c**2 - 6*c + 5. Calculate the remainder when y(4) is divided by n.
38
Suppose -26*v + 25*v = -2*o - 501, 3*v = -4*o + 1543. Calculate the remainder when v is divided by 105.
89
Let s(h) = 2*h - 11. Let m be s(6). Suppose 103*x - 16 = 99*x. What is the remainder when 58 is divided by (x/3 - m)*90?
28
Suppose 0 = 41*b - 34*b. Suppose -7*s + b*s = -119. Calculate the remainder when 63 is divided by s.
12
Let m(u) = u**3 - 11*u**2 + 17*u + 15. Let c be m(9). Let q(b) = b**3 + b**2 + b. Calculate the remainder when q(c) is divided by 13.
11
Suppose r + 53 = 2*n, 0 = -n - 2*r - 2*r + 4. Let g = 11 - 7. Suppose -452 - 16 = -g*o. Calculate the remainder when o is divided by n.
21
Let l(o) = -10*o + 255. Let w be l(25). Suppose -2*u - w*t + 122 = -0*u, 3*t + 192 = 4*u. Calculate the remainder when u is divided by 1 - ((-18 - -2) + -1).
15
Suppose 161 = g + 4*m, 256*g + 3*m + 805 = 261*g. Calculate the remainder when 332 is divided by g.
10
Suppose 0 = -77*m + 76*m + 9. Suppose -15*v + 78 = -m*v. Calculate the remainder when 114 is divided by v.
10
Let f = -93 + 101. Suppose 0 = 5*v - 3*q - 82, -v = -2*q - 9 - 13. Calculate the remainder when ((-4)/f)/((-3)/318) is divided by v.
11
Suppose y - 96 - 6 = 0. Let z = 55 - -2. Let t = z + -36. What is the remainder when y is divided by t?
18
Suppose -5*u - 97 = -4*s, 2*s - 41 = 3*u + 10. Let i(w) = -2318*w + 12. What is the remainder when s is divided by i(0)?
6
Suppose 1511 = 23*d - 5458. What is the remainder when d is divided by 61?
59
Suppose 31*c + 204 = 43*c. What is the remainder when 2650 is divided by c?
15
Let d(m) = 354*m**2 - 123*m + 1170. What is the remainder when d(7) is divided by 203?
197
Let k be 0 - (1 - 4) - 0. Suppose -79 = -k*m + 29. Suppose 2*u - m = 3*h, -3*h - 2*h = -2*u + 40. Calculate the remainder when u is divided by 9.
6
Let j be (-27)/(-45) + (-24)/(-10). Suppose 4*a + j*g = 39, 2*a - 21*g = -16*g + 39. Calculate the remainder when 32 is divided by a.
8
Suppose -4*u = -2*p - 184 - 154, 4*u + 6*p = 346. What is the remainder when 516 is divided by u?
6
Suppose 18*c - 1557 + 262 = 1315. Calculate the remainder when 3187 is divided by c.
142
Let q = 7 + 7. Let n be -5*(-1 + (-2 - 4)). Calculate the remainder when n + (3 - 3) - -5 is divided by q.
12
Suppose -2600 = -163*v - 143 + 1129. What is the remainder when (3 + -4 - -1) + 121 is divided by v?
11
Suppose 3*m = 6*m - m. Suppose -7*w + 453 - 250 = m. Calculate the remainder when w is divided by 21.
8
Let g be 1*(-40 + (-9)/3). Let v = 45 + g. Suppose -4*h - 24 = -v*l, -1 = 6*h - 5*h. Calculate the remainder when 33 is divided by l.
3
Suppose 3*s + 33*f - 585 = 37*f, -2*s = f - 423. Suppose 168 = 3*b + b. What is the remainder when s is divided by 